{"id":4028,"date":"2017-10-31T23:49:04","date_gmt":"2017-10-31T22:49:04","guid":{"rendered":"http:\/\/www.pixelsconsulting.com\/?page_id=4028"},"modified":"2017-12-06T12:37:20","modified_gmt":"2017-12-06T11:37:20","slug":"profil-talents","status":"publish","type":"page","link":"https:\/\/www.pixelsconsulting.com\/index.php\/profil-talents\/","title":{"rendered":"PROFIL TALENTS"},"content":{"rendered":"\n<div class=\"twitter-share\"><a href=\"https:\/\/twitter.com\/intent\/tweet?via=PixelsConsulti1\" class=\"twitter-share-button\" data-size=\"large\">Tweet<\/a><\/div>\n<p>[vc_row full_width=\u00a0\u00bbstretch_row\u00a0\u00bb gap=\u00a0\u00bb10&Prime; equal_height=\u00a0\u00bbyes\u00a0\u00bb content_placement=\u00a0\u00bbtop\u00a0\u00bb video_bg=\u00a0\u00bbyes\u00a0\u00bb video_bg_url=\u00a0\u00bbhttps:\/\/www.youtube.com\/watch?v=MtOXC4c-IF0&Prime; el_class=\u00a0\u00bbshadow\u00a0\u00bb][vc_column][vc_custom_heading text=\u00a0\u00bbProfil Talents\u00a0\u00bb font_container=\u00a0\u00bbtag:h1|font_size:50px|text_align:center|color:%23ffffff|line_height:90px\u00a0\u00bb use_theme_fonts=\u00a0\u00bbyes\u00a0\u00bb css=\u00a0\u00bb.vc_custom_1512394461684{margin-bottom: 30px !important;border-bottom-width: 30px !important;background-color: rgba(0,0,0,0.42) !important;*background-color: rgb(0,0,0) !important;}\u00a0\u00bb][vc_row_inner equal_height=\u00a0\u00bbyes\u00a0\u00bb content_placement=\u00a0\u00bbtop\u00a0\u00bb gap=\u00a0\u00bb25&Prime; css=\u00a0\u00bb.vc_custom_1512559040201{background-color: rgba(84,141,191,0.85) !important;*background-color: rgb(84,141,191) !important;border-radius: 10px !important;}\u00a0\u00bb][vc_column_inner width=\u00a0\u00bb1\/4&Prime;][vc_single_image image=\u00a0\u00bb4015&Prime; img_size=\u00a0\u00bbfull\u00a0\u00bb alignment=\u00a0\u00bbcenter\u00a0\u00bb][\/vc_column_inner][vc_column_inner width=\u00a0\u00bb3\/4&Prime;][vc_column_text css_animation=\u00a0\u00bbtop-to-bottom\u00a0\u00bb]<\/p>\n<h3><span style=\"color: #ffffff;\">Le profil Talents facilite la connaissance de soi et d\u2019autrui, la dynamique de l\u2019\u00e9quipe et le d\u00e9veloppement des capacit\u00e9s leadership. Utilis\u00e9 lors de l\u2019accompagnement en coaching, il constitue un levier essentiel de la performance individuelle et collective.<\/span><\/h3>\n<h3><em><strong>\u00a0<\/strong><\/em><\/h3>\n<p>[\/vc_column_text][\/vc_column_inner][\/vc_row_inner][vc_row_inner equal_height=\u00a0\u00bbyes\u00a0\u00bb css=\u00a0\u00bb.vc_custom_1511877285202{margin-top: -20px !important;}\u00a0\u00bb][vc_column_inner][vc_cta h2=\u00a0\u00bbD\u00e9couvrez vos talents\u00a0\u00bb h2_google_fonts=\u00a0\u00bbfont_family:Archivo%20Narrow%3Aregular%2Citalic%2C700%2C700italic|font_style:400%20regular%3A400%3Anormal\u00a0\u00bb h4=\u00a0\u00bbTravaillez \u00e0 partir de vos ressources pour exceller\u00a0\u00bb txt_align=\u00a0\u00bbcenter\u00a0\u00bb color=\u00a0\u00bbjuicy-pink\u00a0\u00bb add_button=\u00a0\u00bbtop\u00a0\u00bb btn_title=\u00a0\u00bbAccompagner vos collaborateurs\u00a0\u00bb btn_color=\u00a0\u00bbjuicy-pink\u00a0\u00bb btn_size=\u00a0\u00bblg\u00a0\u00bb btn_align=\u00a0\u00bbcenter\u00a0\u00bb btn_css_animation=\u00a0\u00bblightSpeedIn\u00a0\u00bb css_animation=\u00a0\u00bbtop-to-bottom\u00a0\u00bb use_custom_fonts_h2=\u00a0\u00bbtrue\u00a0\u00bb btn_button_block=\u00a0\u00bbtrue\u00a0\u00bb btn_link=\u00a0\u00bburl:http%3A%2F%2Fwww.pixelsconsulting.com%2Findex.php%2Fcontact%2F|||\u00a0\u00bb css=\u00a0\u00bb.vc_custom_1512559442244{background-color: rgba(255,255,255,0.95) !important;*background-color: rgb(255,255,255) !important;}\u00a0\u00bb][\/vc_cta][\/vc_column_inner][\/vc_row_inner][\/vc_column][\/vc_row][vc_row][vc_column][vc_single_image image=\u00a0\u00bb3666&Prime; alignment=\u00a0\u00bbcenter\u00a0\u00bb][\/vc_column][\/vc_row][vc_row gap=\u00a0\u00bb25&Prime; css=\u00a0\u00bb.vc_custom_1504484806581{background-color: #f7f7f7 !important;border-radius: 20px !important;}\u00a0\u00bb el_class=\u00a0\u00bbshadow\u00a0\u00bb][vc_column width=\u00a0\u00bb1\/2&Prime;][vc_column_text]<\/p>\n<h4>Nos talents constituent le socle sur lequel construire et se r\u00e9aliser. Ils s\u2019expriment lorsque nous ressentons un lien fort entre ce que nous faisons et ce que nous sommes, accompagn\u00e9 d\u2019une impression de plaisir, de facilit\u00e9 et de confiance qui d\u00e9cuple notre \u00e9nergie.<\/h4>\n<h4>Notre coach, certifi\u00e9 sur l\u2019outil Profil, se propose d\u2019\u00e9tablir <b>votre profil Talent <\/b>\u00e0 partir d&rsquo;un <b>questionnaire <\/b>de <b>10 \u00e0 15 minutes <\/b>portant sur :<b><i><br \/>\n<\/i><\/b><\/h4>\n<ul>\n<li>\n<h4><b>Atouts dans le travail <\/b>: processus cognitifs, modes de prise de d\u00e9cision et d\u2019action<\/h4>\n<\/li>\n<li>\n<h4><b>Relations avec autrui <\/b>: fonctionnement avec les autres, mode d\u2019interaction<\/h4>\n<\/li>\n<li>\n<h4><b>Choix professionnels <\/b>: r\u00f4les pr\u00e9f\u00e9r\u00e9s, voies prometteuses et voies difficiles<\/h4>\n<\/li>\n<li>\n<h4><b>Aptitude au changement <\/b>: r\u00e9activit\u00e9 et proactivit\u00e9 en situation \u00e9volutive<\/h4>\n<\/li>\n<li>\n<h4><b>Style de management <\/b>: points forts et points de vigilance<\/h4>\n<\/li>\n<li>\n<h4><b>Travail en \u00e9quipe <\/b>: compl\u00e9mentarit\u00e9s et coordinations \u00e0 assurer<\/h4>\n<\/li>\n<li>\n<h4><b>D\u00e9veloppement personnel <\/b>: zones d\u2019inconfort, voies de d\u00e9veloppement personnel<\/h4>\n<\/li>\n<\/ul>\n<p>[\/vc_column_text][\/vc_column][vc_column width=\u00a0\u00bb1\/2&Prime;][vc_single_image image=\u00a0\u00bb4208&Prime; img_size=\u00a0\u00bbfull\u00a0\u00bb alignment=\u00a0\u00bbcenter\u00a0\u00bb][\/vc_column][\/vc_row][vc_row][vc_column][vc_column_text]<\/p>\n<p>&nbsp;<\/p>\n<p>[\/vc_column_text][\/vc_column][\/vc_row][vc_row][vc_column]<div class=\"get_in_touch\" style=\"background-image:url(https:\/\/i2.wp.com\/www.pixelsconsulting.com\/wp-content\/uploads\/2017\/11\/road-street-sign-way-e1511533832753.jpg?fit=300%2C200&ssl=1);\"><h3>Contactez-nous<\/h3><div class=\"get_in_touch_wrapper\"><ul><li class=\"address\"><span class=\"icon\"><i class=\"icon-location\"><\/i><\/span><span class=\"address_wrapper\">154 rue de Picpus 75015 PARIS<\/span><\/li><li class=\"mail\"><span class=\"icon\"><i class=\"icon-mail\"><\/i><\/span><p><a href=\"mailto:contact@pixelsconsulting.com\">contact@pixelsconsulting.com<\/a><\/p><\/li><\/ul><\/div><\/div>\n[vc_btn title=\u00a0\u00bbContactez-nous\u00a0\u00bb color=\u00a0\u00bbjuicy-pink\u00a0\u00bb align=\u00a0\u00bbcenter\u00a0\u00bb link=\u00a0\u00bburl:http%3A%2F%2Fwww.pixelsconsulting.com%2Findex.php%2Fcontact%2F|||\u00a0\u00bb][\/vc_column][\/vc_row]<\/p>\n\n<div class=\"twitter-share\"><a href=\"https:\/\/twitter.com\/intent\/tweet?via=PixelsConsulti1\" class=\"twitter-share-button\" data-size=\"large\">Tweet<\/a><\/div>\n","protected":false},"excerpt":{"rendered":"<p>[vc_row full_width=\u00a0\u00bbstretch_row\u00a0\u00bb gap=\u00a0\u00bb10&Prime; equal_height=\u00a0\u00bbyes\u00a0\u00bb content_placement=\u00a0\u00bbtop\u00a0\u00bb video_bg=\u00a0\u00bbyes\u00a0\u00bb video_bg_url=\u00a0\u00bbhttps:\/\/www.youtube.com\/watch?v=MtOXC4c-IF0&Prime; el_class=\u00a0\u00bbshadow\u00a0\u00bb][vc_column][vc_custom_heading text=\u00a0\u00bbProfil Talents\u00a0\u00bb font_container=\u00a0\u00bbtag:h1|font_size:50px|text_align:center|color:%23ffffff|line_height:90px\u00a0\u00bb use_theme_fonts=\u00a0\u00bbyes\u00a0\u00bb css=\u00a0\u00bb.vc_custom_1512394461684{margin-bottom: 30px !important;border-bottom-width: 30px !important;background-color: rgba(0,0,0,0.42) !important;*background-color: rgb(0,0,0) !important;}\u00a0\u00bb][vc_row_inner equal_height=\u00a0\u00bbyes\u00a0\u00bb content_placement=\u00a0\u00bbtop\u00a0\u00bb gap=\u00a0\u00bb25&Prime; css=\u00a0\u00bb.vc_custom_1512559040201{background-color: rgba(84,141,191,0.85) [&hellip;]<\/p>\n","protected":false},"author":3,"featured_media":0,"parent":0,"menu_order":0,"comment_status":"closed","ping_status":"closed","template":"","meta":{"spay_email":"","footnotes":""},"yoast_head":"<!-- This site is optimized with the Yoast SEO plugin v14.6 - https:\/\/yoast.com\/wordpress\/plugins\/seo\/ -->\n<title>PROFIL TALENTS - PIXELSCONSULTING<\/title>\n<meta name=\"robots\" content=\"index, follow\" \/>\n<meta name=\"googlebot\" content=\"index, follow, max-snippet:-1, max-image-preview:large, max-video-preview:-1\" \/>\n<meta name=\"bingbot\" content=\"index, follow, max-snippet:-1, max-image-preview:large, max-video-preview:-1\" \/>\n<link rel=\"canonical\" href=\"http:\/\/www.pixelsconsulting.com\/index.php\/profil-talents\/\" \/>\n<meta property=\"og:locale\" content=\"fr_FR\" \/>\n<meta property=\"og:type\" content=\"article\" \/>\n<meta property=\"og:title\" content=\"PROFIL TALENTS\" \/>\n<meta property=\"og:description\" content=\"[vc_row full_width=\u00a0\u00bbstretch_row\u00a0\u00bb gap=\u00a0\u00bb10&Prime; equal_height=\u00a0\u00bbyes\u00a0\u00bb content_placement=\u00a0\u00bbtop\u00a0\u00bb video_bg=\u00a0\u00bbyes\u00a0\u00bb video_bg_url=\u00a0\u00bbhttps:\/\/www.youtube.com\/watch?v=MtOXC4c-IF0&Prime; el_class=\u00a0\u00bbshadow\u00a0\u00bb][vc_column][vc_custom_heading text=\u00a0\u00bbProfil Talents\u00a0\u00bb font_container=\u00a0\u00bbtag:h1|font_size:50px|text_align:center|color:%23ffffff|line_height:90px\u00a0\u00bb use_theme_fonts=\u00a0\u00bbyes\u00a0\u00bb css=\u00a0\u00bb.vc_custom_1512394461684{margin-bottom: 30px !important;border-bottom-width: 30px !important;background-color: rgba(0,0,0,0.42) !important;*background-color: rgb(0,0,0) !important;}\u00a0\u00bb][vc_row_inner equal_height=\u00a0\u00bbyes\u00a0\u00bb content_placement=\u00a0\u00bbtop\u00a0\u00bb gap=\u00a0\u00bb25&Prime; css=\u00a0\u00bb.vc_custom_1512559040201{background-color: rgba(84,141,191,0.85) [&hellip;]\" \/>\n<meta property=\"og:url\" content=\"http:\/\/www.pixelsconsulting.com\/index.php\/profil-talents\/\" \/>\n<meta property=\"og:site_name\" content=\"PIXELSCONSULTING\" \/>\n<meta property=\"article:modified_time\" content=\"2017-12-06T11:37:20+00:00\" \/>\n<meta name=\"twitter:card\" content=\"summary\" \/>\n<script type=\"application\/ld+json\" class=\"yoast-schema-graph\">{\"@context\":\"https:\/\/schema.org\",\"@graph\":[{\"@type\":\"WebSite\",\"@id\":\"https:\/\/www.pixelsconsulting.com\/#website\",\"url\":\"https:\/\/www.pixelsconsulting.com\/\",\"name\":\"PIXELSCONSULTING\",\"description\":\"\",\"potentialAction\":[{\"@type\":\"SearchAction\",\"target\":\"https:\/\/www.pixelsconsulting.com\/?s={search_term_string}\",\"query-input\":\"required name=search_term_string\"}],\"inLanguage\":\"fr-FR\"},{\"@type\":\"WebPage\",\"@id\":\"http:\/\/www.pixelsconsulting.com\/index.php\/profil-talents\/#webpage\",\"url\":\"http:\/\/www.pixelsconsulting.com\/index.php\/profil-talents\/\",\"name\":\"PROFIL TALENTS - PIXELSCONSULTING\",\"isPartOf\":{\"@id\":\"https:\/\/www.pixelsconsulting.com\/#website\"},\"datePublished\":\"2017-10-31T22:49:04+00:00\",\"dateModified\":\"2017-12-06T11:37:20+00:00\",\"inLanguage\":\"fr-FR\",\"potentialAction\":[{\"@type\":\"ReadAction\",\"target\":[\"http:\/\/www.pixelsconsulting.com\/index.php\/profil-talents\/\"]}]}]}<\/script>\n<!-- \/ Yoast SEO plugin. -->","jetpack_sharing_enabled":true,"jetpack_shortlink":"https:\/\/wp.me\/P98Rmm-12Y","jetpack-related-posts":[],"jetpack_likes_enabled":true,"_links":{"self":[{"href":"https:\/\/www.pixelsconsulting.com\/index.php\/wp-json\/wp\/v2\/pages\/4028"}],"collection":[{"href":"https:\/\/www.pixelsconsulting.com\/index.php\/wp-json\/wp\/v2\/pages"}],"about":[{"href":"https:\/\/www.pixelsconsulting.com\/index.php\/wp-json\/wp\/v2\/types\/page"}],"author":[{"embeddable":true,"href":"https:\/\/www.pixelsconsulting.com\/index.php\/wp-json\/wp\/v2\/users\/3"}],"replies":[{"embeddable":true,"href":"https:\/\/www.pixelsconsulting.com\/index.php\/wp-json\/wp\/v2\/comments?post=4028"}],"version-history":[{"count":30,"href":"https:\/\/www.pixelsconsulting.com\/index.php\/wp-json\/wp\/v2\/pages\/4028\/revisions"}],"predecessor-version":[{"id":4615,"href":"https:\/\/www.pixelsconsulting.com\/index.php\/wp-json\/wp\/v2\/pages\/4028\/revisions\/4615"}],"wp:attachment":[{"href":"https:\/\/www.pixelsconsulting.com\/index.php\/wp-json\/wp\/v2\/media?parent=4028"}],"curies":[{"name":"wp","href":"https:\/\/api.w.org\/{rel}","templated":true}]}}