{"id":3810,"date":"2017-07-13T16:00:51","date_gmt":"2017-07-13T15:00:51","guid":{"rendered":"http:\/\/www.pixelsconsulting.com\/?page_id=3810"},"modified":"2019-09-30T10:27:11","modified_gmt":"2019-09-30T09:27:11","slug":"coaching-dequipe","status":"publish","type":"page","link":"https:\/\/www.pixelsconsulting.com\/index.php\/prestations\/coaching-dequipe\/","title":{"rendered":"COACHING D&rsquo;EQUIPE"},"content":{"rendered":"\n<div class=\"twitter-share\"><a href=\"https:\/\/twitter.com\/intent\/tweet?text=Olivier%20C&#038;via=PixelsConsulti1\" class=\"twitter-share-button\" data-size=\"large\">Tweet<\/a><\/div>\n<p>[vc_row full_width=\u00a0\u00bbstretch_row\u00a0\u00bb gap=\u00a0\u00bb10&Prime; equal_height=\u00a0\u00bbyes\u00a0\u00bb content_placement=\u00a0\u00bbtop\u00a0\u00bb video_bg=\u00a0\u00bbyes\u00a0\u00bb video_bg_url=\u00a0\u00bbhttps:\/\/www.youtube.com\/watch?v=Hn3339X7200&Prime; el_class=\u00a0\u00bbshadow\u00a0\u00bb][vc_column video_bg=\u00a0\u00bbyes\u00a0\u00bb video_bg_url=\u00a0\u00bbhttps:\/\/youtu.be\/sj6hB98qxvM\u00a0\u00bb][vc_custom_heading source=\u00a0\u00bbpost_title\u00a0\u00bb font_container=\u00a0\u00bbtag:h1|font_size:35px|text_align:center|color:%23ffffff|line_height:90px\u00a0\u00bb use_theme_fonts=\u00a0\u00bbyes\u00a0\u00bb css=\u00a0\u00bb.vc_custom_1513701300287{margin-bottom: 10px !important;background-color: rgba(0,0,0,0.42) !important;*background-color: rgb(0,0,0) !important;}\u00a0\u00bb][vc_row_inner equal_height=\u00a0\u00bbyes\u00a0\u00bb content_placement=\u00a0\u00bbtop\u00a0\u00bb gap=\u00a0\u00bb20&Prime; el_class=\u00a0\u00bbshadow\u00a0\u00bb css=\u00a0\u00bb.vc_custom_1512385520278{margin-top: 40px !important;margin-right: 10px !important;margin-left: 10px !important;background-color: rgba(84,141,191,0.85) !important;*background-color: rgb(84,141,191) !important;border-radius: 10px !important;}\u00a0\u00bb][vc_column_inner width=\u00a0\u00bb1\/4&Prime;][vc_single_image image=\u00a0\u00bb3637&Prime; img_size=\u00a0\u00bbfull\u00a0\u00bb alignment=\u00a0\u00bbcenter\u00a0\u00bb][\/vc_column_inner][vc_column_inner width=\u00a0\u00bb3\/4&Prime;][vc_column_text css_animation=\u00a0\u00bbtop-to-bottom\u00a0\u00bb css=\u00a0\u00bb.vc_custom_1512058837023{border-width: 10px !important;}\u00a0\u00bb]<\/p>\n<h3><span style=\"color: #ffffff;\"><em><strong>Comment une personne peut-elle contribuer au fonctionnement de son \u00e9quipe ? Quels sont ses talents ? Comment peut-on favoriser la coop\u00e9ration et la coh\u00e9sion dans son \u00e9quipe\u00a0? <\/strong><\/em><\/span><\/h3>\n<p>[\/vc_column_text][\/vc_column_inner][\/vc_row_inner][vc_row_inner equal_height=\u00a0\u00bbyes\u00a0\u00bb][vc_column_inner][vc_cta h2=\u00a0\u00bbCoaching d&rsquo;Equipe\u00a0\u00bb h2_google_fonts=\u00a0\u00bbfont_family:Archivo%20Narrow%3Aregular%2Citalic%2C700%2C700italic|font_style:400%20regular%3A400%3Anormal\u00a0\u00bb h4=\u00a0\u00bbDonnez un coup de pouce \u00e0 vos \u00e9quipes en d\u00e9veloppant leur performance\u00a0\u00bb txt_align=\u00a0\u00bbcenter\u00a0\u00bb color=\u00a0\u00bbjuicy-pink\u00a0\u00bb add_button=\u00a0\u00bbtop\u00a0\u00bb btn_title=\u00a0\u00bbEn savoir plus \u00a0\u00bb btn_color=\u00a0\u00bbjuicy-pink\u00a0\u00bb btn_size=\u00a0\u00bblg\u00a0\u00bb btn_align=\u00a0\u00bbcenter\u00a0\u00bb btn_css_animation=\u00a0\u00bblightSpeedIn\u00a0\u00bb css_animation=\u00a0\u00bbtop-to-bottom\u00a0\u00bb use_custom_fonts_h2=\u00a0\u00bbtrue\u00a0\u00bb btn_button_block=\u00a0\u00bbtrue\u00a0\u00bb btn_link=\u00a0\u00bburl:http%3A%2F%2Fwww.pixelsconsulting.com%2Findex.php%2Fcontact%2F|||\u00a0\u00bb css=\u00a0\u00bb.vc_custom_1513865526352{background-color: rgba(255,255,255,0.95) !important;*background-color: rgb(255,255,255) !important;}\u00a0\u00bb btn_el_class=\u00a0\u00bbshadow pulse\u00a0\u00bb el_class=\u00a0\u00bbpulse\u00a0\u00bb][\/vc_cta][\/vc_column_inner][\/vc_row_inner][\/vc_column][\/vc_row][vc_row gap=\u00a0\u00bb10&Prime; equal_height=\u00a0\u00bbyes\u00a0\u00bb css=\u00a0\u00bb.vc_custom_1504486057080{margin-top: 50px !important;border-top-width: 100px !important;border-radius: 20px !important;}\u00a0\u00bb el_class=\u00a0\u00bbshadow\u00a0\u00bb][vc_column][vc_row_inner css=\u00a0\u00bb.vc_custom_1513791266829{margin-top: 30px !important;margin-bottom: 30px !important;border-bottom-width: 30px !important;}\u00a0\u00bb][vc_column_inner][vc_column_text css=\u00a0\u00bb.vc_custom_1513865572001{margin-bottom: 30px !important;}\u00a0\u00bb]L\u2019objectif du coaching d\u2019\u00e9quipe est d\u2019accompagner la <b>performance collective <\/b>d\u2019une \u00e9quipe et de son manager.<\/p>\n<p>Les acteurs de l\u2019entreprise\u00a0en internes ou en externes trouvent de multiples b\u00e9n\u00e9fices \u00e0 se former au coaching d\u2019\u00e9quipe\u00a0: int\u00e9grer les comp\u00e9tences du coach d\u2019\u00e9quipe, acqu\u00e9rir les m\u00e9thodes et supports pour le d\u00e9veloppement d\u2019\u00e9quipe, favoriser l\u2019\u00e9volution des pratiques manag\u00e9riales\u2026<\/p>\n<p>Pixels Consulting vous aide vos \u00e9quipes \u00e0 :<\/p>\n<ul>\n<li>d\u00e9velopper la communication transversale ;<\/li>\n<li>acqu\u00e9rir de nouvelles comp\u00e9tences ;<\/li>\n<li>renforcer la motivation ;<\/li>\n<li>rendre votre organisation plus efficace<\/li>\n<li>d\u00e9velopper la vision ;<\/li>\n<li>utiliser la cr\u00e9ativit\u00e9\u2026<\/li>\n<\/ul>\n<p>La dur\u00e9e est d\u00e9finie en fonction du besoin exprim\u00e9 par le commanditaire.[\/vc_column_text][\/vc_column_inner][\/vc_row_inner][\/vc_column][\/vc_row][vc_row gap=\u00a0\u00bb25&Prime; full_height=\u00a0\u00bbyes\u00a0\u00bb equal_height=\u00a0\u00bbyes\u00a0\u00bb content_placement=\u00a0\u00bbtop\u00a0\u00bb css=\u00a0\u00bb.vc_custom_1513791311039{margin-top: 30px !important;background-color: #f7f7f7 !important;border-radius: 20px !important;}\u00a0\u00bb el_class=\u00a0\u00bbshadow\u00a0\u00bb][vc_column width=\u00a0\u00bb1\/2&Prime; css=\u00a0\u00bb.vc_custom_1513784300662{margin-top: 30px !important;}\u00a0\u00bb]<div class=\"fancy_heading fancy_heading_line\"><h1 class=\"title\">Vos objectifs<\/h1><\/div>\n[vc_column_text css_animation=\u00a0\u00bbtop-to-bottom\u00a0\u00bb]<\/p>\n<ul>\n<li>d\u00e9velopper la performance collective de votre \u00e9quipe<\/li>\n<li>mobiliser les ressources autour d\u2019un projet commun<\/li>\n<li>favoriser une meilleure communication entre le dirigeant et ses \u00e9quipes<\/li>\n<li>d\u00e9velopper une vision commune<\/li>\n<li>accompagner les transformation internes et externes<\/li>\n<li>am\u00e9liorer l\u2019organisation et le fonctionnement de l\u2019\u00e9quipe<\/li>\n<li>s\u2019approprier les outils op\u00e9rationnels et commerciaux<\/li>\n<li>partager les bonnes pratiques<\/li>\n<li>d\u00e9velopper la cr\u00e9ativit\u00e9 de vos collaborateurs<\/li>\n<li>d\u00e9passer les confits au sein d\u2019une \u00e9quipe&#8230;<\/li>\n<\/ul>\n<p>[\/vc_column_text][\/vc_column][vc_column width=\u00a0\u00bb1\/2&Prime; css=\u00a0\u00bb.vc_custom_1513784307492{margin-top: 30px !important;}\u00a0\u00bb]<div class=\"fancy_heading fancy_heading_line\"><h1 class=\"title\">Le d\u00e9roulement<\/h1><\/div>\n[vc_column_text]<\/p>\n<ul>\n<li>rencontre avec notre coach \/ nos coachs<\/li>\n<li><strong>r\u00e9alisation d&rsquo;un \u00e9tat des lieux avec les acteurs cl\u00e9s (co-diagnostic)<\/strong><\/li>\n<li>d\u00e9finition des objectifs du coaching d\u2019\u00e9quipe, de la dur\u00e9e et des modalit\u00e9s de l\u2019accompagnent formalis\u00e9 par un contrat tripartite entre les diff\u00e9rents acteurs : le manager, le responsable RH et le(s) coach(s)<\/li>\n<li><strong>\u00e9dition et analyse des profils du manager et de chaque collaborateur de l&rsquo;\u00e9quipe<\/strong><\/li>\n<li>s\u00e9ances pr\u00e9paratoire avec le manager<\/li>\n<li>s\u00e9ances collectives : s\u00e9minaire, ateliers, supervision d&rsquo;\u00e9quipe.<\/li>\n<li>temps de d\u00e9briefing avec le manager<\/li>\n<li>cl\u00f4ture du coaching<\/li>\n<\/ul>\n<p>[\/vc_column_text][\/vc_column][vc_column]<div class=\"fancy_heading fancy_heading_icon\"><h2 class=\"title\">Ils nous font confiance<\/h2><\/div>\n[vc_row_inner content_placement=\u00a0\u00bbmiddle\u00a0\u00bb][vc_column_inner width=\u00a0\u00bb1\/4&Prime;][vc_single_image image=\u00a0\u00bb4324&Prime; img_size=\u00a0\u00bbfull\u00a0\u00bb alignment=\u00a0\u00bbcenter\u00a0\u00bb][\/vc_column_inner][vc_column_inner width=\u00a0\u00bb1\/4&Prime;][vc_single_image image=\u00a0\u00bb4327&Prime; img_size=\u00a0\u00bbfull\u00a0\u00bb alignment=\u00a0\u00bbcenter\u00a0\u00bb][\/vc_column_inner][vc_column_inner width=\u00a0\u00bb1\/4&Prime;][vc_single_image image=\u00a0\u00bb4326&Prime; img_size=\u00a0\u00bbfull\u00a0\u00bb alignment=\u00a0\u00bbcenter\u00a0\u00bb][\/vc_column_inner][vc_column_inner width=\u00a0\u00bb1\/4&Prime;][vc_single_image image=\u00a0\u00bb4325&Prime; img_size=\u00a0\u00bbfull\u00a0\u00bb alignment=\u00a0\u00bbcenter\u00a0\u00bb][\/vc_column_inner][\/vc_row_inner][\/vc_column][\/vc_row][vc_row][vc_column]<div class=\"fancy_heading fancy_heading_icon\"><h2 class=\"title\">T\u00e9moignages de clients<\/h2><\/div>\n<div class=\"testimonials_list \"><div class=\"item \"><div class=\"photo\"><div class=\"image_frame no_link scale-with-grid has_border\"><div class=\"image_wrapper\"><img loading=\"lazy\" decoding=\"async\" width=\"424\" height=\"283\" src=\"https:\/\/i0.wp.com\/www.pixelsconsulting.com\/wp-content\/uploads\/2020\/01\/Fotolia_176866761_XS.jpg?fit=424%2C283&amp;ssl=1\" class=\"scale-with-grid wp-post-image\" alt=\"\" srcset=\"https:\/\/i0.wp.com\/www.pixelsconsulting.com\/wp-content\/uploads\/2020\/01\/Fotolia_176866761_XS.jpg?w=424&amp;ssl=1 424w, https:\/\/i0.wp.com\/www.pixelsconsulting.com\/wp-content\/uploads\/2020\/01\/Fotolia_176866761_XS.jpg?resize=300%2C200&amp;ssl=1 300w, https:\/\/i0.wp.com\/www.pixelsconsulting.com\/wp-content\/uploads\/2020\/01\/Fotolia_176866761_XS.jpg?resize=219%2C146&amp;ssl=1 219w, https:\/\/i0.wp.com\/www.pixelsconsulting.com\/wp-content\/uploads\/2020\/01\/Fotolia_176866761_XS.jpg?resize=50%2C33&amp;ssl=1 50w, https:\/\/i0.wp.com\/www.pixelsconsulting.com\/wp-content\/uploads\/2020\/01\/Fotolia_176866761_XS.jpg?resize=112%2C75&amp;ssl=1 112w\" sizes=\"(max-width: 424px) 100vw, 424px\" data-attachment-id=\"4980\" data-permalink=\"https:\/\/www.pixelsconsulting.com\/young-business-people-in-modern-office\/\" data-orig-file=\"https:\/\/i0.wp.com\/www.pixelsconsulting.com\/wp-content\/uploads\/2020\/01\/Fotolia_176866761_XS.jpg?fit=424%2C283&amp;ssl=1\" data-orig-size=\"424,283\" data-comments-opened=\"0\" data-image-meta=\"{&quot;aperture&quot;:&quot;1.8&quot;,&quot;credit&quot;:&quot;ivanko80 - stock.adobe.com&quot;,&quot;camera&quot;:&quot;NIKON D800&quot;,&quot;caption&quot;:&quot;Young creative managers team working with new project in modern office.&quot;,&quot;created_timestamp&quot;:&quot;1507805575&quot;,&quot;copyright&quot;:&quot;\\u00a9ivanko80 - stock.adobe.com&quot;,&quot;focal_length&quot;:&quot;50&quot;,&quot;iso&quot;:&quot;250&quot;,&quot;shutter_speed&quot;:&quot;0.01&quot;,&quot;title&quot;:&quot;Young business people in modern office&quot;,&quot;orientation&quot;:&quot;1&quot;}\" data-image-title=\"Young business people in modern office\" data-image-description=\"\" data-medium-file=\"https:\/\/i0.wp.com\/www.pixelsconsulting.com\/wp-content\/uploads\/2020\/01\/Fotolia_176866761_XS.jpg?fit=300%2C200&amp;ssl=1\" data-large-file=\"https:\/\/i0.wp.com\/www.pixelsconsulting.com\/wp-content\/uploads\/2020\/01\/Fotolia_176866761_XS.jpg?fit=424%2C283&amp;ssl=1\" \/><\/div><\/div><\/div><div class=\"desc\"><h4>H\u00e9l\u00e8ne<\/h4><p class=\"subtitle\">Directrice Adjointe des Ressources Humaines<\/p><hr class=\"hr_color\" \/><div class=\"blockquote\"><blockquote>V\u00e9ronique, Je tenais \u00e0 vous remercier pour votre intervention au sein de l\u2019\u00e9quipe.\r\nCette bulle d\u2019air a \u00e9t\u00e9 salvatrice et permis de se poser ou de poser parfois les bonnes questions.\r\nCette d\u00e9marche devrait \u00eatre rembours\u00e9e par la s\u00e9curit\u00e9 sociale\u00a0!\r\nVotre bienveillance et votre accompagnement ne sont pas \u00e9trangers \u00e0 la r\u00e9ussite de cet accompagnement.<\/blockquote><\/div><\/div><\/div>\n<div class=\"item no-img\"><div class=\"desc\"><h4>Olivier<\/h4><p class=\"subtitle\">Pr\u00e9sident TPE<\/p><hr class=\"hr_color\" \/><div class=\"blockquote\"><blockquote>V\u00e9ronique participe pleinement au d\u00e9veloppement de mon entreprise par des coachings efficaces. Chaque personne est importante et ce qu\u2019elle entreprend avec les managers dans le cadre de leur d\u00e9veloppement au sein de l\u2019entreprise leur permet une meilleure approche personnelle et organisationnelle de leur fonction, ainsi qu\u2019une meilleure compr\u00e9hension de la fa\u00e7on de mener un projet et des priorit\u00e9s. Elle permet \u00e9galement de d\u00e9velopper la capacit\u00e9 de comprendre les enjeux humains qui sont \u0153uvres notamment dans le cadre de projets transversaux. Je suis \u00e9tonn\u00e9 par sa capacit\u00e9 \u00e0 comprendre comment agir avec les personnes pour qu\u2019elles per\u00e7oivent comment elles-m\u00eames peuvent interagir sur leur environnement et communiquer de fa\u00e7on efficiente.<\/blockquote><\/div><\/div><\/div>\n<\/div>\n[vc_gallery type=\u00a0\u00bbimage_grid\u00a0\u00bb images=\u00a0\u00bb3925,3924,3923,3922&Prime; img_size=\u00a0\u00bbmedium\u00a0\u00bb onclick=\u00a0\u00bb\u00a0\u00bb title=\u00a0\u00bbTravail en atelier\u00a0\u00bb][\/vc_column][\/vc_row][vc_row][vc_column][\/vc_column][\/vc_row]<\/p>\n\n<div class=\"twitter-share\"><a href=\"https:\/\/twitter.com\/intent\/tweet?text=Olivier%20C&#038;via=PixelsConsulti1\" class=\"twitter-share-button\" data-size=\"large\">Tweet<\/a><\/div>\n","protected":false},"excerpt":{"rendered":"<p>[vc_row full_width=\u00a0\u00bbstretch_row\u00a0\u00bb gap=\u00a0\u00bb10&Prime; equal_height=\u00a0\u00bbyes\u00a0\u00bb content_placement=\u00a0\u00bbtop\u00a0\u00bb video_bg=\u00a0\u00bbyes\u00a0\u00bb video_bg_url=\u00a0\u00bbhttps:\/\/www.youtube.com\/watch?v=Hn3339X7200&Prime; el_class=\u00a0\u00bbshadow\u00a0\u00bb][vc_column video_bg=\u00a0\u00bbyes\u00a0\u00bb video_bg_url=\u00a0\u00bbhttps:\/\/youtu.be\/sj6hB98qxvM\u00a0\u00bb][vc_custom_heading source=\u00a0\u00bbpost_title\u00a0\u00bb font_container=\u00a0\u00bbtag:h1|font_size:35px|text_align:center|color:%23ffffff|line_height:90px\u00a0\u00bb use_theme_fonts=\u00a0\u00bbyes\u00a0\u00bb css=\u00a0\u00bb.vc_custom_1513701300287{margin-bottom: 10px !important;background-color: rgba(0,0,0,0.42) !important;*background-color: rgb(0,0,0) !important;}\u00a0\u00bb][vc_row_inner equal_height=\u00a0\u00bbyes\u00a0\u00bb content_placement=\u00a0\u00bbtop\u00a0\u00bb gap=\u00a0\u00bb20&Prime; el_class=\u00a0\u00bbshadow\u00a0\u00bb css=\u00a0\u00bb.vc_custom_1512385520278{margin-top: 40px [&hellip;]<\/p>\n","protected":false},"author":3,"featured_media":0,"parent":3599,"menu_order":4,"comment_status":"closed","ping_status":"closed","template":"","meta":{"spay_email":"","footnotes":""},"yoast_head":"<!-- This site is optimized with the Yoast SEO plugin v14.6 - https:\/\/yoast.com\/wordpress\/plugins\/seo\/ -->\n<title>COACHING D&#039;EQUIPE - PIXELSCONSULTING<\/title>\n<meta name=\"robots\" content=\"index, follow\" \/>\n<meta name=\"googlebot\" content=\"index, follow, max-snippet:-1, max-image-preview:large, max-video-preview:-1\" \/>\n<meta name=\"bingbot\" content=\"index, follow, max-snippet:-1, max-image-preview:large, max-video-preview:-1\" \/>\n<link rel=\"canonical\" href=\"https:\/\/www.pixelsconsulting.com\/index.php\/prestations\/coaching-dequipe\/\" \/>\n<meta property=\"og:locale\" content=\"fr_FR\" \/>\n<meta property=\"og:type\" content=\"article\" \/>\n<meta property=\"og:title\" content=\"COACHING D&rsquo;EQUIPE\" \/>\n<meta property=\"og:description\" content=\"[vc_row full_width=\u00a0\u00bbstretch_row\u00a0\u00bb gap=\u00a0\u00bb10&Prime; equal_height=\u00a0\u00bbyes\u00a0\u00bb content_placement=\u00a0\u00bbtop\u00a0\u00bb video_bg=\u00a0\u00bbyes\u00a0\u00bb video_bg_url=\u00a0\u00bbhttps:\/\/www.youtube.com\/watch?v=Hn3339X7200&Prime; el_class=\u00a0\u00bbshadow\u00a0\u00bb][vc_column video_bg=\u00a0\u00bbyes\u00a0\u00bb video_bg_url=\u00a0\u00bbhttps:\/\/youtu.be\/sj6hB98qxvM\u00a0\u00bb][vc_custom_heading source=\u00a0\u00bbpost_title\u00a0\u00bb font_container=\u00a0\u00bbtag:h1|font_size:35px|text_align:center|color:%23ffffff|line_height:90px\u00a0\u00bb use_theme_fonts=\u00a0\u00bbyes\u00a0\u00bb css=\u00a0\u00bb.vc_custom_1513701300287{margin-bottom: 10px !important;background-color: rgba(0,0,0,0.42) !important;*background-color: rgb(0,0,0) !important;}\u00a0\u00bb][vc_row_inner equal_height=\u00a0\u00bbyes\u00a0\u00bb content_placement=\u00a0\u00bbtop\u00a0\u00bb gap=\u00a0\u00bb20&Prime; el_class=\u00a0\u00bbshadow\u00a0\u00bb css=\u00a0\u00bb.vc_custom_1512385520278{margin-top: 40px [&hellip;]\" \/>\n<meta property=\"og:url\" content=\"https:\/\/www.pixelsconsulting.com\/index.php\/prestations\/coaching-dequipe\/\" \/>\n<meta property=\"og:site_name\" content=\"PIXELSCONSULTING\" \/>\n<meta property=\"article:modified_time\" content=\"2019-09-30T09:27:11+00:00\" \/>\n<meta name=\"twitter:card\" content=\"summary\" \/>\n<script type=\"application\/ld+json\" class=\"yoast-schema-graph\">{\"@context\":\"https:\/\/schema.org\",\"@graph\":[{\"@type\":\"WebSite\",\"@id\":\"https:\/\/www.pixelsconsulting.com\/#website\",\"url\":\"https:\/\/www.pixelsconsulting.com\/\",\"name\":\"PIXELSCONSULTING\",\"description\":\"\",\"potentialAction\":[{\"@type\":\"SearchAction\",\"target\":\"https:\/\/www.pixelsconsulting.com\/?s={search_term_string}\",\"query-input\":\"required name=search_term_string\"}],\"inLanguage\":\"fr-FR\"},{\"@type\":\"WebPage\",\"@id\":\"https:\/\/www.pixelsconsulting.com\/index.php\/prestations\/coaching-dequipe\/#webpage\",\"url\":\"https:\/\/www.pixelsconsulting.com\/index.php\/prestations\/coaching-dequipe\/\",\"name\":\"COACHING D'EQUIPE - PIXELSCONSULTING\",\"isPartOf\":{\"@id\":\"https:\/\/www.pixelsconsulting.com\/#website\"},\"datePublished\":\"2017-07-13T15:00:51+00:00\",\"dateModified\":\"2019-09-30T09:27:11+00:00\",\"inLanguage\":\"fr-FR\",\"potentialAction\":[{\"@type\":\"ReadAction\",\"target\":[\"https:\/\/www.pixelsconsulting.com\/index.php\/prestations\/coaching-dequipe\/\"]}]}]}<\/script>\n<!-- \/ Yoast SEO plugin. -->","jetpack_sharing_enabled":true,"jetpack_shortlink":"https:\/\/wp.me\/P98Rmm-Zs","jetpack-related-posts":[],"jetpack_likes_enabled":true,"_links":{"self":[{"href":"https:\/\/www.pixelsconsulting.com\/index.php\/wp-json\/wp\/v2\/pages\/3810"}],"collection":[{"href":"https:\/\/www.pixelsconsulting.com\/index.php\/wp-json\/wp\/v2\/pages"}],"about":[{"href":"https:\/\/www.pixelsconsulting.com\/index.php\/wp-json\/wp\/v2\/types\/page"}],"author":[{"embeddable":true,"href":"https:\/\/www.pixelsconsulting.com\/index.php\/wp-json\/wp\/v2\/users\/3"}],"replies":[{"embeddable":true,"href":"https:\/\/www.pixelsconsulting.com\/index.php\/wp-json\/wp\/v2\/comments?post=3810"}],"version-history":[{"count":87,"href":"https:\/\/www.pixelsconsulting.com\/index.php\/wp-json\/wp\/v2\/pages\/3810\/revisions"}],"predecessor-version":[{"id":4947,"href":"https:\/\/www.pixelsconsulting.com\/index.php\/wp-json\/wp\/v2\/pages\/3810\/revisions\/4947"}],"up":[{"embeddable":true,"href":"https:\/\/www.pixelsconsulting.com\/index.php\/wp-json\/wp\/v2\/pages\/3599"}],"wp:attachment":[{"href":"https:\/\/www.pixelsconsulting.com\/index.php\/wp-json\/wp\/v2\/media?parent=3810"}],"curies":[{"name":"wp","href":"https:\/\/api.w.org\/{rel}","templated":true}]}}